{"id":298,"date":"2021-12-10T15:16:49","date_gmt":"2021-12-10T18:16:49","guid":{"rendered":"https:\/\/reumatologiarosario.com.ar\/web\/?page_id=298"},"modified":"2024-04-24T13:32:59","modified_gmt":"2024-04-24T16:32:59","slug":"artritisreumatoidea","status":"publish","type":"page","link":"https:\/\/reumatologiarosario.com.ar\/web\/artritisreumatoidea\/","title":{"rendered":"Artritis Reumatoidea"},"content":{"rendered":"<p>[et_pb_section fb_built=\u00bb1&#8243; admin_label=\u00bbHero\u00bb _builder_version=\u00bb3.22&#8243; custom_padding=\u00bb0|0px|54px|0px|false|false\u00bb bottom_divider_height=\u00bb0px\u00bb border_width_bottom=\u00bb1px\u00bb border_color_bottom=\u00bb#efefef\u00bb global_colors_info=\u00bb{}\u00bb][et_pb_row column_structure=\u00bb1_2,1_2&#8243; _builder_version=\u00bb3.25&#8243; width=\u00bb100%\u00bb max_width=\u00bb100%\u00bb custom_margin=\u00bb|||\u00bb custom_margin_tablet=\u00bb||0px|\u00bb custom_margin_phone=\u00bb\u00bb custom_margin_last_edited=\u00bbon|desktop\u00bb custom_padding=\u00bb0|0px|27px|0px|false|false\u00bb use_custom_width=\u00bbon\u00bb width_unit=\u00bboff\u00bb custom_width_percent=\u00bb100%\u00bb global_colors_info=\u00bb{}\u00bb][et_pb_column type=\u00bb1_2&#8243; _builder_version=\u00bb3.25&#8243; custom_padding=\u00bb6%||6%|12%\u00bb custom_padding_tablet=\u00bb50px|50px|50px|50px\u00bb custom_padding_phone=\u00bb50px|50px|50px|50px\u00bb custom_padding_last_edited=\u00bbon|tablet\u00bb global_colors_info=\u00bb{}\u00bb padding_tablet=\u00bb50px|50px|50px|50px\u00bb padding_last_edited=\u00bbon|tablet\u00bb custom_padding__hover=\u00bb|||\u00bb padding_phone=\u00bb50px|50px|50px|50px\u00bb][et_pb_image src=\u00bbhttp:\/\/reumatologiarosario.com.ar\/web\/wp-content\/uploads\/2021\/10\/health-icon-10-3.png\u00bb title_text=\u00bbhealth-icon-10-3&#8243; align_tablet=\u00bbcenter\u00bb align_phone=\u00bbcenter\u00bb align_last_edited=\u00bbon|desktop\u00bb _builder_version=\u00bb4.14.1&#8243; global_colors_info=\u00bb{}\u00bb][\/et_pb_image][et_pb_text _builder_version=\u00bb4.14.1&#8243; text_font=\u00bbMontserrat|300|||||||\u00bb text_text_color=\u00bb#677a92&#8243; text_font_size=\u00bb16px\u00bb text_line_height=\u00bb1.8em\u00bb header_font=\u00bbMontserrat||||||||\u00bb header_font_size=\u00bb50px\u00bb header_line_height=\u00bb1.3em\u00bb header_2_font=\u00bb||||||||\u00bb max_width=\u00bb600px\u00bb custom_margin=\u00bb|||\u00bb custom_margin_tablet=\u00bb0px|50px||50px\u00bb custom_margin_phone=\u00bb|20px||\u00bb custom_margin_last_edited=\u00bboff|desktop\u00bb custom_padding=\u00bb|||\u00bb text_line_height_tablet=\u00bb1.8em\u00bb text_line_height_phone=\u00bb1.8em\u00bb text_line_height_last_edited=\u00bbon|phone\u00bb header_font_size_tablet=\u00bb\u00bb header_font_size_phone=\u00bb36px\u00bb header_font_size_last_edited=\u00bbon|phone\u00bb header_2_font_size_phone=\u00bb30px\u00bb header_2_font_size_last_edited=\u00bboff|desktop\u00bb locked=\u00bboff\u00bb global_colors_info=\u00bb{}\u00bb]<\/p>\n<h1>Artritis Reumatoidea<\/h1>\n<p>&nbsp;<\/p>\n<p>[\/et_pb_text][et_pb_text _builder_version=\u00bb4.14.7&#8243; text_font=\u00bbMontserrat|300|||||||\u00bb text_font_size=\u00bb16px\u00bb text_line_height=\u00bb2em\u00bb link_font=\u00bb||||||||\u00bb ul_font=\u00bb||||||||\u00bb ol_font=\u00bb||||||||\u00bb quote_font=\u00bb||||||||\u00bb header_font=\u00bb||||||||\u00bb header_2_font=\u00bbMontserrat|300|||||||\u00bb header_2_text_color=\u00bb#212d3b\u00bb header_2_font_size=\u00bb40px\u00bb header_2_line_height=\u00bb1.5em\u00bb max_width=\u00bb600px\u00bb custom_margin=\u00bb|||\u00bb custom_margin_tablet=\u00bb0px|50px||50px\u00bb custom_margin_last_edited=\u00bboff|desktop\u00bb custom_padding=\u00bb|||\u00bb locked=\u00bboff\u00bb global_colors_info=\u00bb{}\u00bb]<\/p>\n<p style=\"text-align: justify;\">La <strong>artritis reumatoidea<\/strong> es una <strong>enfermedad inflamatoria cr\u00f3nica<\/strong> que afecta preferentemente a las articulaciones de forma sim\u00e9trica. La artritis puede conducir a destrucci\u00f3n articular y a la invalidez progresiva. Tambi\u00e9n puede da\u00f1ar los \u00f3rganos internos, por lo que debe considerarse como una enfermedad sist\u00e9mica. La afectaci\u00f3n sist\u00e9mica y las comorbilidades pueden disminuir la esperanza de vida. La prevalencia es de 0.5% de la poblaci\u00f3n adulta, con un predominio 3 a 1 de la mujer sobre el var\u00f3n.<\/p>\n<p>[\/et_pb_text][\/et_pb_column][et_pb_column type=\u00bb1_2&#8243; _builder_version=\u00bb3.25&#8243; custom_padding=\u00bb|||\u00bb global_colors_info=\u00bb{}\u00bb custom_padding__hover=\u00bb|||\u00bb][et_pb_image src=\u00bbhttp:\/\/reumatologiarosario.com.ar\/web\/wp-content\/uploads\/2021\/12\/portrait-of-doctor-scaled.jpg\u00bb title_text=\u00bbDoctor\u00bb force_fullwidth=\u00bbon\u00bb align_tablet=\u00bbcenter\u00bb align_phone=\u00bbcenter\u00bb align_last_edited=\u00bbon|desktop\u00bb _builder_version=\u00bb4.14.1&#8243; custom_margin=\u00bb|||\u00bb custom_padding=\u00bb|||\u00bb animation_style=\u00bbslide\u00bb animation_direction=\u00bbright\u00bb animation_intensity_slide=\u00bb5%\u00bb border_radii=\u00bb||||30vw\u00bb border_color_all=\u00bb#0ee1f4&#8243; border_width_left=\u00bb2vw\u00bb border_color_left=\u00bb#37dfff\u00bb box_shadow_style=\u00bbpreset4&#8243; box_shadow_horizontal=\u00bb-30px\u00bb box_shadow_vertical=\u00bb0px\u00bb box_shadow_color=\u00bbrgba(14,225,244,0.33)\u00bb global_colors_info=\u00bb{}\u00bb][\/et_pb_image][\/et_pb_column][\/et_pb_row][et_pb_row _builder_version=\u00bb4.14.1&#8243; _module_preset=\u00bbdefault\u00bb global_colors_info=\u00bb{}\u00bb][et_pb_column type=\u00bb4_4&#8243; _builder_version=\u00bb4.14.1&#8243; _module_preset=\u00bbdefault\u00bb global_colors_info=\u00bb{}\u00bb][et_pb_text _builder_version=\u00bb4.14.7&#8243; _module_preset=\u00bbdefault\u00bb global_colors_info=\u00bb{}\u00bb]<\/p>\n<p style=\"text-align: justify;\">Se caracteriza por <strong>dolor articular<\/strong> en <strong>peque\u00f1as y grandes articulaciones<\/strong>, de forma <strong>sim\u00e9trica<\/strong>, de <strong>tipo inflamatorio<\/strong> es decir que aumenta con el reposo y mejora con la actividad.\u00a0 Por la ma\u00f1ana es caracter\u00edstica la <strong>rigidez articular<\/strong> que se caracteriza por la dificultad para mover las articulaciones tras un per\u00edodo de reposo y que se debe a la acumulaci\u00f3n de exudado inflamatorio en m\u00fasculos y articulaciones. Este dolor se acompa\u00f1a de inflamaci\u00f3n articular. La inflamaci\u00f3n articular se debe a un aumento del volumen articular por derrame de l\u00edquido sinovial o por hipertrofia sinovial.<\/p>\n<p>[\/et_pb_text][\/et_pb_column][\/et_pb_row][et_pb_row column_structure=\u00bb2_3,1_3&#8243; _builder_version=\u00bb4.14.1&#8243; _module_preset=\u00bbdefault\u00bb custom_padding=\u00bb2px||8px|||\u00bb global_colors_info=\u00bb{}\u00bb][et_pb_column type=\u00bb2_3&#8243; _builder_version=\u00bb4.14.1&#8243; _module_preset=\u00bbdefault\u00bb global_colors_info=\u00bb{}\u00bb][et_pb_text _builder_version=\u00bb4.14.1&#8243; _module_preset=\u00bbdefault\u00bb global_colors_info=\u00bb{}\u00bb]<\/p>\n<p style=\"text-align: justify;\">\n<p style=\"text-align: justify;\">\n<p style=\"text-align: justify;\">A lo largo del tiempo pueden ocurrir deformaciones articulares, siendo m\u00e1s caracter\u00edsticas las alteraciones en manos.<\/p>\n<p style=\"text-align: justify;\">En el laboratorio reumatol\u00f3gico el Factor Reumatoideo, Rose Ragan o los anticuerpos anti-citrulinados pueden ser positivos o negativos, subdividi\u00e9ndose as\u00ed en artritis reumatoidea seropositivas y seronegativas respectivamente.<\/p>\n<p style=\"text-align: justify;\">En otros casos pueden ocurrir otras manifestaciones diversas en otros \u00f3rganos y sistemas.\u00a0<\/p>\n<p style=\"text-align: justify;\">De ah\u00ed de la importancia de que el paciente pueda arribar al diagn\u00f3stico de forma temprana para poder tener el tratamiento adecuado a su caso.<\/p>\n<p>[\/et_pb_text][\/et_pb_column][et_pb_column type=\u00bb1_3&#8243; _builder_version=\u00bb4.14.1&#8243; _module_preset=\u00bbdefault\u00bb global_colors_info=\u00bb{}\u00bb][et_pb_image src=\u00bbhttp:\/\/reumatologiarosario.com.ar\/web\/wp-content\/uploads\/2021\/12\/1-artritis-reumatoidea2.jpg\u00bb title_text=\u00bb1 artritis reumatoidea2&#8243; _builder_version=\u00bb4.14.1&#8243; _module_preset=\u00bbdefault\u00bb border_radii=\u00bbon|15px|15px|15px|15px\u00bb box_shadow_style=\u00bbpreset4&#8243; global_colors_info=\u00bb{}\u00bb][\/et_pb_image][\/et_pb_column][\/et_pb_row][et_pb_row _builder_version=\u00bb4.14.1&#8243; _module_preset=\u00bbdefault\u00bb global_colors_info=\u00bb{}\u00bb][et_pb_column type=\u00bb4_4&#8243; _builder_version=\u00bb4.14.1&#8243; _module_preset=\u00bbdefault\u00bb global_colors_info=\u00bb{}\u00bb][et_pb_text _builder_version=\u00bb4.14.1&#8243; _module_preset=\u00bbdefault\u00bb global_colors_info=\u00bb{}\u00bb]<\/p>\n<p style=\"text-align: justify;\"><strong>Referencias <\/strong><\/p>\n<ul>\n<li style=\"text-align: justify;\">Scott DL, Wolfe F, Huizinga TW. Rheumatoid arthritis. Lancet 2010; 376:1094-108.<\/li>\n<li style=\"text-align: justify;\">Smolen JS, et al. EULAR recommendations for the management of rheumatoid arthritis with synthetic and biological disease-modifying antirheumatic drugs: 2016 update. Ann Rheum Dis 2017; 76:960-977.<\/li>\n<li style=\"text-align: justify;\">Gu\u00edas argentinas de pr\u00e1ctica cl\u00ednica en el tratamiento de la artritis reumatoidea. Revista Argentina de Reumatolog\u00eda. Sociedad Argentina de Reumatolog\u00eda. 2013 [Castellano].<\/li>\n<li style=\"text-align: justify;\">Gu\u00edas de pr\u00e1ctica cl\u00ednica en artritis idiop\u00e1tica juvenil. Revista Argentina de Reumatolog\u00eda. Sociedad Argentina de Reumatolog\u00eda. 2011 [Castellano].<\/li>\n<\/ul>\n<p>[\/et_pb_text][\/et_pb_column][\/et_pb_row][\/et_pb_section]<\/p>\n","protected":false},"excerpt":{"rendered":"<p>Artritis Reumatoidea &nbsp;La artritis reumatoidea es una enfermedad inflamatoria cr\u00f3nica que afecta preferentemente a las articulaciones de forma sim\u00e9trica. La artritis puede conducir a destrucci\u00f3n articular y a la invalidez progresiva. Tambi\u00e9n puede da\u00f1ar los \u00f3rganos internos, por lo que debe considerarse como una enfermedad sist\u00e9mica. La afectaci\u00f3n sist\u00e9mica y las comorbilidades pueden disminuir la [&hellip;]<\/p>\n","protected":false},"author":2,"featured_media":0,"parent":0,"menu_order":0,"comment_status":"closed","ping_status":"closed","template":"","meta":{"_et_pb_use_builder":"on","_et_pb_old_content":"","_et_gb_content_width":"","footnotes":""},"class_list":["post-298","page","type-page","status-publish","hentry"],"_links":{"self":[{"href":"https:\/\/reumatologiarosario.com.ar\/web\/wp-json\/wp\/v2\/pages\/298","targetHints":{"allow":["GET"]}}],"collection":[{"href":"https:\/\/reumatologiarosario.com.ar\/web\/wp-json\/wp\/v2\/pages"}],"about":[{"href":"https:\/\/reumatologiarosario.com.ar\/web\/wp-json\/wp\/v2\/types\/page"}],"author":[{"embeddable":true,"href":"https:\/\/reumatologiarosario.com.ar\/web\/wp-json\/wp\/v2\/users\/2"}],"replies":[{"embeddable":true,"href":"https:\/\/reumatologiarosario.com.ar\/web\/wp-json\/wp\/v2\/comments?post=298"}],"version-history":[{"count":18,"href":"https:\/\/reumatologiarosario.com.ar\/web\/wp-json\/wp\/v2\/pages\/298\/revisions"}],"predecessor-version":[{"id":1612,"href":"https:\/\/reumatologiarosario.com.ar\/web\/wp-json\/wp\/v2\/pages\/298\/revisions\/1612"}],"wp:attachment":[{"href":"https:\/\/reumatologiarosario.com.ar\/web\/wp-json\/wp\/v2\/media?parent=298"}],"curies":[{"name":"wp","href":"https:\/\/api.w.org\/{rel}","templated":true}]}}